{"id":4234,"date":"2020-11-24T16:29:31","date_gmt":"2020-11-24T15:29:31","guid":{"rendered":"https:\/\/go4robot.pl\/sklep\/?post_type=product&#038;p=4234"},"modified":"2025-07-01T12:22:45","modified_gmt":"2025-07-01T11:22:45","slug":"ai-dla-najmlodszych-naucz-komputer-rozrozniac-jaki-masz-nastroj","status":"publish","type":"product","link":"https:\/\/go4robot.pl\/sklep\/ai-dla-najmlodszych-naucz-komputer-rozrozniac-jaki-masz-nastroj\/","title":{"rendered":"Sztuczna inteligencja dla najm\u0142odszych - naucz komputer rozr\u00f3\u017cnia\u0107 jaki masz nastr\u00f3j!"},"content":{"rendered":"<ul>\n<li>\n<p dir=\"ltr\" style=\"text-align: center;\">.<\/p>\n<h3 style=\"text-align: center;\"><span style=\"color: #ff9900;\"><strong>AI w Codelab Cognimates<\/strong><\/span><\/h3>\n<p>&nbsp;<\/p>\n<p style=\"text-align: center;\"><span style=\"color: #ff9900;\"><strong>Codelab Cognimates<\/strong><\/span> <strong>t<\/strong><b>o program wzorowany na Scratch, jednym z podstawowych narz\u0119dzi do nauki programowania, kt\u00f3ry ze wzgl\u0119du na \u0142atwo\u015b\u0107 u\u017cytkowania i kolorow\u0105, przejrzyst\u0105 grafik\u0119 mo\u017ce by\u0107 wprowadzony u dzieci ju\u017c od najm\u0142odszych lat, z tym \u017ce ten program dodatkowo posiada modu\u0142 sztucznej inteligencji!<\/b><\/p>\n<\/li>\n<\/ul>\n<p>&nbsp;<\/p>\n<p>&nbsp;<\/p>\n<p>&nbsp;<\/p>\n<p>&nbsp;<\/p>\n<p>&nbsp;<\/p>\n<p dir=\"ltr\" style=\"text-align: center;\"><span style=\"color: #ff9900;\"><strong>Krok po kroku nauczymy si\u0119 my\u015ble\u0107 jak programista, by na ko\u0144cu to program sam si\u0119 czego\u015b nauczy\u0142!<\/strong><\/span><\/p>\n<p>&nbsp;<\/p>\n<p dir=\"ltr\" style=\"text-align: center;\">Na samym pocz\u0105tku czeka Was <strong>kr\u00f3tka historia wprowadzaj\u0105ca do zaj\u0119\u0107,<\/strong> a nast\u0119pnie kilka zada\u0144 do wykonania. Sam kurs sk\u0142ada si\u0119 z<strong> trzech lekcji<\/strong>, podczas kt\u00f3rych wprowadzimy Was w \u015bwiat sztucznej inteligencji.\u00a0Filmy b\u0119dzie mo\u017cna odtworzy\u0107 w wybranym przez Pa\u0144stwa momencie oraz <strong>dopasowywa\u0107 je do swojego tempa pracy.<\/strong> Krok po kroku, z ka\u017cdym filmem b\u0119dziemy odkrywa\u0107 \u015bwiat programowania i uczy\u0107 komputer jak rozpoznawa\u0107 nasz nastr\u00f3j!<\/p>\n<p>&nbsp;<\/p>\n<p>&nbsp;<\/p>\n<p>&nbsp;<\/p>\n<p>&nbsp;<\/p>\n<p>&nbsp;<\/p>\n<p dir=\"ltr\" style=\"text-align: center;\"><b><span style=\"color: #ff9900; font-size: large;\">Zaj\u0119cia offline i nasze nagrania wideo zosta\u0142y stworzone z my\u015bl\u0105\u00a0o dzieciach przez wykwalifikowanych trener\u00f3w GO4Robot. Dostosowane s\u0105 do poziomu i wieku dziecka, a tak\u017ce jego mo\u017cliwo\u015bci.\u00a0<\/span><\/b><\/p>\n<p dir=\"ltr\" style=\"text-align: center;\"><b><span style=\"color: #ff9900; font-size: large;\">Wszystkie kroki s\u0105 szczeg\u00f3\u0142owo opisane, a polecenia w spos\u00f3b jasny i klarowny wyja\u015bnione.<\/span><\/b><\/p>\n<p>&nbsp;<\/p>\n<p>&nbsp;<\/p>\n<p>&nbsp;<\/p>\n<p><b>1. Kiedy mog\u0119 zrealizowa\u0107 wykupiony kurs?<\/b><br \/>\nKiedy tylko chcesz. Wa\u017cno\u015b\u0107 lekcji w formie wideo, a tak\u017ce mo\u017cliwo\u015b\u0107 dost\u0119pu do nich nie wygasa \ud83d\ude42<\/p>\n<p><b>2. Czy dziecko musi mie\u0107 wiedz\u0119 z zakresu programowania?<\/b><br \/>\nNie. Kurs przygotowany zosta\u0142 specjalnie dla dzieci, kt\u00f3re rozpoczynaj\u0105 swoj\u0105 nauk\u0119 programowania.<\/p>\n<p><b>3. Jak przygotowa\u0107 si\u0119 do zaj\u0119\u0107?\u00a0<\/b><\/p>\n<p>Podczas zaj\u0119\u0107 u\u017cywamy programu Codelab Cognimates, w wersji przegl\u0105darkowej, wi\u0119c nie trzeba nic instalowa\u0107!<br \/>\nNajlepiej, aby do programowania dziecko u\u017cywa\u0142o tabletu. Dotykowy ekran w tej grupie wiekowej jest najlepszym rozwi\u0105zaniem.<\/p>\n<p><b>4. Czy limit wieku jest sztywny?<\/b><br \/>\nNie. Kurs doskonale nadaje si\u0119 dla m\u0142odszych oraz starszych dzieci. Trzeba jednak zaznaczy\u0107, \u017ce w przypadku u\u017cytkownik\u00f3w poni\u017cej 8 roku \u017cycia, niezb\u0119dne mo\u017ce okaza\u0107 si\u0119 wsparcie rodzicielskie.<\/p>\n<p dir=\"ltr\" style=\"text-align: center;\"><a href=\"https:\/\/www.youtube.com\/channel\/UCWEotmgzscv-E1-uKVLgUjQ\"><b>Zapraszamy na nasz kana\u0142 na YouTube!<\/b><\/a><\/p>\n","protected":false},"excerpt":{"rendered":"<p>Na samym pocz\u0105tku czeka Was <strong>kr\u00f3tka historia wprowadzaj\u0105ca do zaj\u0119\u0107, <\/strong>dzi\u0119ki czemu w \u0142atwy spos\u00f3b wejdziecie w \u015bwiat programowania. Nast\u0119pnie otrzymacie kilka zada\u0144 do wykonania, tak na dobr\u0105 rozgrzewk\u0119. Sam kurs sk\u0142ada si\u0119 z<strong> trzech lekcji<\/strong>, podczas kt\u00f3rych b\u0119dzie merytoryka poparta praktycznymi \u0107wiczenia, aby w jak najwi\u0119kszym stopniu zrozumie\u0107 \u015bwiat sztucznej inteligencji. Filmy b\u0119dzie mo\u017cna odtworzy\u0107 w wybranym przez Was momencie oraz <strong>dopasowywa\u0107 je do swojego tempa pracy.<\/strong> Krok po kroku, z ka\u017cdym filmem b\u0119dziemy odkrywa\u0107 \u015bwiat programowania i tworzy\u0107 wirtualny instrument sterowany naszymi gestami!<\/p>\n","protected":false},"featured_media":5859,"comment_status":"open","ping_status":"closed","template":"","meta":{"inline_featured_image":false},"product_cat":[24],"product_tag":[269,38,270,271,34,98,272],"acf":[],"yoast_head":"<!-- This site is optimized with the Yoast SEO plugin v19.10 - https:\/\/yoast.com\/wordpress\/plugins\/seo\/ -->\n<title>Sztuczna inteligencja dla najm\u0142odszych | GO4Robot<\/title>\n<meta name=\"description\" content=\"Kurs offline AI dla najm\u0142odszych \u2b50 Profesjonalne lekcje, kt\u00f3re odtworzy\u0107 mo\u017cesz zawsze i wsz\u0119dzie \u2705 Sprawd\u017a nasz\u0105 ofert\u0119 na stronie!\" \/>\n<meta name=\"robots\" content=\"index, follow, max-snippet:-1, max-image-preview:large, max-video-preview:-1\" \/>\n<link rel=\"canonical\" href=\"https:\/\/go4robot.pl\/sklep\/ai-dla-najmlodszych-naucz-komputer-rozrozniac-jaki-masz-nastroj\/\" \/>\n<meta property=\"og:locale\" content=\"pl_PL\" \/>\n<meta property=\"og:type\" content=\"article\" \/>\n<meta property=\"og:title\" content=\"Sztuczna inteligencja dla najm\u0142odszych | GO4Robot\" \/>\n<meta property=\"og:description\" content=\"Kurs offline AI dla najm\u0142odszych \u2b50 Profesjonalne lekcje, kt\u00f3re odtworzy\u0107 mo\u017cesz zawsze i wsz\u0119dzie \u2705 Sprawd\u017a nasz\u0105 ofert\u0119 na stronie!\" \/>\n<meta property=\"og:url\" content=\"https:\/\/go4robot.pl\/sklep\/ai-dla-najmlodszych-naucz-komputer-rozrozniac-jaki-masz-nastroj\/\" \/>\n<meta property=\"og:site_name\" content=\"Sklep GO4Robot\" \/>\n<meta property=\"article:modified_time\" content=\"2025-07-01T11:22:45+00:00\" \/>\n<meta property=\"og:image\" content=\"https:\/\/go4robot.pl\/sklep\/wp-content\/uploads\/7-1.png\" \/>\n\t<meta property=\"og:image:width\" content=\"1080\" \/>\n\t<meta property=\"og:image:height\" content=\"1080\" \/>\n\t<meta property=\"og:image:type\" content=\"image\/png\" \/>\n<meta name=\"twitter:card\" content=\"summary_large_image\" \/>\n<meta name=\"twitter:label1\" content=\"Szacowany czas czytania\" \/>\n\t<meta name=\"twitter:data1\" content=\"2 minuty\" \/>\n<script type=\"application\/ld+json\" class=\"yoast-schema-graph\">{\"@context\":\"https:\/\/schema.org\",\"@graph\":[{\"@type\":\"WebPage\",\"@id\":\"https:\/\/go4robot.pl\/sklep\/ai-dla-najmlodszych-naucz-komputer-rozrozniac-jaki-masz-nastroj\/\",\"url\":\"https:\/\/go4robot.pl\/sklep\/ai-dla-najmlodszych-naucz-komputer-rozrozniac-jaki-masz-nastroj\/\",\"name\":\"Sztuczna inteligencja dla najm\u0142odszych | GO4Robot\",\"isPartOf\":{\"@id\":\"https:\/\/go4robot.pl\/sklep\/#website\"},\"datePublished\":\"2020-11-24T15:29:31+00:00\",\"dateModified\":\"2025-07-01T11:22:45+00:00\",\"description\":\"Kurs offline AI dla najm\u0142odszych \u2b50 Profesjonalne lekcje, kt\u00f3re odtworzy\u0107 mo\u017cesz zawsze i wsz\u0119dzie \u2705 Sprawd\u017a nasz\u0105 ofert\u0119 na stronie!\",\"breadcrumb\":{\"@id\":\"https:\/\/go4robot.pl\/sklep\/ai-dla-najmlodszych-naucz-komputer-rozrozniac-jaki-masz-nastroj\/#breadcrumb\"},\"inLanguage\":\"pl-PL\",\"potentialAction\":[{\"@type\":\"ReadAction\",\"target\":[\"https:\/\/go4robot.pl\/sklep\/ai-dla-najmlodszych-naucz-komputer-rozrozniac-jaki-masz-nastroj\/\"]}]},{\"@type\":\"BreadcrumbList\",\"@id\":\"https:\/\/go4robot.pl\/sklep\/ai-dla-najmlodszych-naucz-komputer-rozrozniac-jaki-masz-nastroj\/#breadcrumb\",\"itemListElement\":[{\"@type\":\"ListItem\",\"position\":1,\"name\":\"Go4Robot\",\"item\":\"https:\/\/go4robot.pl\/sklep\/\"},{\"@type\":\"ListItem\",\"position\":2,\"name\":\"Produkty\",\"item\":\"https:\/\/go4robot.pl\/sklep\/\"},{\"@type\":\"ListItem\",\"position\":3,\"name\":\"Sztuczna inteligencja dla najm\u0142odszych - naucz komputer rozr\u00f3\u017cnia\u0107 jaki masz nastr\u00f3j!\"}]},{\"@type\":\"WebSite\",\"@id\":\"https:\/\/go4robot.pl\/sklep\/#website\",\"url\":\"https:\/\/go4robot.pl\/sklep\/\",\"name\":\"Sklep GO4Robot\",\"description\":\"Robotyka dla dzieci\",\"publisher\":{\"@id\":\"https:\/\/go4robot.pl\/sklep\/#organization\"},\"potentialAction\":[{\"@type\":\"SearchAction\",\"target\":{\"@type\":\"EntryPoint\",\"urlTemplate\":\"https:\/\/go4robot.pl\/sklep\/?s={search_term_string}\"},\"query-input\":\"required name=search_term_string\"}],\"inLanguage\":\"pl-PL\"},{\"@type\":\"Organization\",\"@id\":\"https:\/\/go4robot.pl\/sklep\/#organization\",\"name\":\"Go4Robot\",\"url\":\"https:\/\/go4robot.pl\/sklep\/\",\"logo\":{\"@type\":\"ImageObject\",\"inLanguage\":\"pl-PL\",\"@id\":\"https:\/\/go4robot.pl\/sklep\/#\/schema\/logo\/image\/\",\"url\":\"https:\/\/go4robot.pl\/sklep\/wp-content\/uploads\/2021\/02\/go4robot-logo.svg\",\"contentUrl\":\"https:\/\/go4robot.pl\/sklep\/wp-content\/uploads\/2021\/02\/go4robot-logo.svg\",\"width\":400,\"height\":400,\"caption\":\"Go4Robot\"},\"image\":{\"@id\":\"https:\/\/go4robot.pl\/sklep\/#\/schema\/logo\/image\/\"}}]}<\/script>\n<!-- \/ Yoast SEO plugin. -->","yoast_head_json":{"title":"Sztuczna inteligencja dla najm\u0142odszych | GO4Robot","description":"Kurs offline AI dla najm\u0142odszych \u2b50 Profesjonalne lekcje, kt\u00f3re odtworzy\u0107 mo\u017cesz zawsze i wsz\u0119dzie \u2705 Sprawd\u017a nasz\u0105 ofert\u0119 na stronie!","robots":{"index":"index","follow":"follow","max-snippet":"max-snippet:-1","max-image-preview":"max-image-preview:large","max-video-preview":"max-video-preview:-1"},"canonical":"https:\/\/go4robot.pl\/sklep\/ai-dla-najmlodszych-naucz-komputer-rozrozniac-jaki-masz-nastroj\/","og_locale":"pl_PL","og_type":"article","og_title":"Sztuczna inteligencja dla najm\u0142odszych | GO4Robot","og_description":"Kurs offline AI dla najm\u0142odszych \u2b50 Profesjonalne lekcje, kt\u00f3re odtworzy\u0107 mo\u017cesz zawsze i wsz\u0119dzie \u2705 Sprawd\u017a nasz\u0105 ofert\u0119 na stronie!","og_url":"https:\/\/go4robot.pl\/sklep\/ai-dla-najmlodszych-naucz-komputer-rozrozniac-jaki-masz-nastroj\/","og_site_name":"Sklep GO4Robot","article_modified_time":"2025-07-01T11:22:45+00:00","og_image":[{"width":1080,"height":1080,"url":"https:\/\/go4robot.pl\/sklep\/wp-content\/uploads\/7-1.png","type":"image\/png"}],"twitter_card":"summary_large_image","twitter_misc":{"Szacowany czas czytania":"2 minuty"},"schema":{"@context":"https:\/\/schema.org","@graph":[{"@type":"WebPage","@id":"https:\/\/go4robot.pl\/sklep\/ai-dla-najmlodszych-naucz-komputer-rozrozniac-jaki-masz-nastroj\/","url":"https:\/\/go4robot.pl\/sklep\/ai-dla-najmlodszych-naucz-komputer-rozrozniac-jaki-masz-nastroj\/","name":"Sztuczna inteligencja dla najm\u0142odszych | GO4Robot","isPartOf":{"@id":"https:\/\/go4robot.pl\/sklep\/#website"},"datePublished":"2020-11-24T15:29:31+00:00","dateModified":"2025-07-01T11:22:45+00:00","description":"Kurs offline AI dla najm\u0142odszych \u2b50 Profesjonalne lekcje, kt\u00f3re odtworzy\u0107 mo\u017cesz zawsze i wsz\u0119dzie \u2705 Sprawd\u017a nasz\u0105 ofert\u0119 na stronie!","breadcrumb":{"@id":"https:\/\/go4robot.pl\/sklep\/ai-dla-najmlodszych-naucz-komputer-rozrozniac-jaki-masz-nastroj\/#breadcrumb"},"inLanguage":"pl-PL","potentialAction":[{"@type":"ReadAction","target":["https:\/\/go4robot.pl\/sklep\/ai-dla-najmlodszych-naucz-komputer-rozrozniac-jaki-masz-nastroj\/"]}]},{"@type":"BreadcrumbList","@id":"https:\/\/go4robot.pl\/sklep\/ai-dla-najmlodszych-naucz-komputer-rozrozniac-jaki-masz-nastroj\/#breadcrumb","itemListElement":[{"@type":"ListItem","position":1,"name":"Go4Robot","item":"https:\/\/go4robot.pl\/sklep\/"},{"@type":"ListItem","position":2,"name":"Produkty","item":"https:\/\/go4robot.pl\/sklep\/"},{"@type":"ListItem","position":3,"name":"Sztuczna inteligencja dla najm\u0142odszych - naucz komputer rozr\u00f3\u017cnia\u0107 jaki masz nastr\u00f3j!"}]},{"@type":"WebSite","@id":"https:\/\/go4robot.pl\/sklep\/#website","url":"https:\/\/go4robot.pl\/sklep\/","name":"Sklep GO4Robot","description":"Robotyka dla dzieci","publisher":{"@id":"https:\/\/go4robot.pl\/sklep\/#organization"},"potentialAction":[{"@type":"SearchAction","target":{"@type":"EntryPoint","urlTemplate":"https:\/\/go4robot.pl\/sklep\/?s={search_term_string}"},"query-input":"required name=search_term_string"}],"inLanguage":"pl-PL"},{"@type":"Organization","@id":"https:\/\/go4robot.pl\/sklep\/#organization","name":"Go4Robot","url":"https:\/\/go4robot.pl\/sklep\/","logo":{"@type":"ImageObject","inLanguage":"pl-PL","@id":"https:\/\/go4robot.pl\/sklep\/#\/schema\/logo\/image\/","url":"https:\/\/go4robot.pl\/sklep\/wp-content\/uploads\/2021\/02\/go4robot-logo.svg","contentUrl":"https:\/\/go4robot.pl\/sklep\/wp-content\/uploads\/2021\/02\/go4robot-logo.svg","width":400,"height":400,"caption":"Go4Robot"},"image":{"@id":"https:\/\/go4robot.pl\/sklep\/#\/schema\/logo\/image\/"}}]}},"_links":{"self":[{"href":"https:\/\/go4robot.pl\/sklep\/wp-json\/wp\/v2\/product\/4234"}],"collection":[{"href":"https:\/\/go4robot.pl\/sklep\/wp-json\/wp\/v2\/product"}],"about":[{"href":"https:\/\/go4robot.pl\/sklep\/wp-json\/wp\/v2\/types\/product"}],"replies":[{"embeddable":true,"href":"https:\/\/go4robot.pl\/sklep\/wp-json\/wp\/v2\/comments?post=4234"}],"wp:featuredmedia":[{"embeddable":true,"href":"https:\/\/go4robot.pl\/sklep\/wp-json\/wp\/v2\/media\/5859"}],"wp:attachment":[{"href":"https:\/\/go4robot.pl\/sklep\/wp-json\/wp\/v2\/media?parent=4234"}],"wp:term":[{"taxonomy":"product_cat","embeddable":true,"href":"https:\/\/go4robot.pl\/sklep\/wp-json\/wp\/v2\/product_cat?post=4234"},{"taxonomy":"product_tag","embeddable":true,"href":"https:\/\/go4robot.pl\/sklep\/wp-json\/wp\/v2\/product_tag?post=4234"}],"curies":[{"name":"wp","href":"https:\/\/api.w.org\/{rel}","templated":true}]}}