{"id":3980,"date":"2020-11-20T10:29:02","date_gmt":"2020-11-20T09:29:02","guid":{"rendered":"https:\/\/go4robot.pl\/sklep\/?post_type=product&#038;p=3980"},"modified":"2024-09-05T06:19:03","modified_gmt":"2024-09-05T05:19:03","slug":"lego-super-heroes-batman-i-ucieczka-jokera","status":"publish","type":"product","link":"https:\/\/go4robot.pl\/sklep\/lego-super-heroes-batman-i-ucieczka-jokera\/","title":{"rendered":"LEGO\u00ae Super Heroes Batman i ucieczka Jokera (76138)"},"content":{"rendered":"<h2>LEGO\u00ae Super Heroes Batman i ucieczka Jokera<\/h2>\n<p>Ma\u0142e dzieci z ch\u0119ci\u0105 wciel\u0105 si\u0119 w rol\u0119 Batmana i spr\u00f3buj\u0105 zapobiec ucieczce superz\u0142oczy\u0144cy z wi\u0119zienia w zestawie LEGO DC Batman 76138 Batman i ucieczka Jokera. Zestaw LEGO 4+ zosta\u0142 zaprojektowany z my\u015bl\u0105 o przedszkolakach. Zabawkowy helikopter Batmana ze specjalnym podwoziem startowym pozwala nawet zupe\u0142nym nowicjuszom poczu\u0107 dum\u0119 z samodzielnego z\u0142o\u017cenia modelu. To doskona\u0142y pomys\u0142 na prezent urodzinowy - w komplecie jest r\u00f3wnie\u017c model Azylu Arkham z mn\u00f3stwem szczeg\u00f3\u0142\u00f3w inspiruj\u0105cych do zabawy. Dzieci mog\u0105 na przyk\u0142ad zaczepi\u0107 hak na \u0142a\u0144cuchu o \u015bcian\u0119 jednej z dw\u00f3ch cel wi\u0119ziennych i zburzy\u0107 j\u0105, ci\u0105gn\u0105c \u0142a\u0144cuch motocyklem Harley Quinn. W komplecie s\u0105 cztery minifigurki LEGO z uzbrojeniem oraz proste instrukcje budowania i zabawy. Do tego w aplikacji LEGO Life na smartfonach i tabletach znajdziesz ekstra instrukcje budowania tego zestawu z Batmanem. \u0141atwe w u\u017cyciu i intuicyjne instrukcje mo\u017cna powi\u0119ksza\u0107 i obraca\u0107, a specjalny tryb podgl\u0105du pozwala dzieciom wizualizowa\u0107 powstaj\u0105cy model.<\/p>\n<section style=\"font-size: 16px\">Do ka\u017cdego zestawu do\u0142\u0105czamy:<\/p>\n<p style=\"font-size: 16px\">Oryginaln\u0105 instrukcj\u0119 Lego\u00ae, dzi\u0119ki kt\u00f3rej rozpalimy wyobra\u017ani\u0119 dziecka i podsuniemy mu kilka pomys\u0142\u00f3w na wyj\u0105tkow\u0105 budowl\u0119!<\/p>\n<p><img decoding=\"async\" style=\"font-size: 16px\" src=\"https:\/\/go4robot.pl\/sklep\/wp-content\/uploads\/2020\/05\/instrukcja-lego-300x220.png\" alt=\"\" \/><\/p>\n<\/section>\n<section style=\"font-size: 16px\">\n<section style=\"font-size: 16px\">Masz pytanie?<br \/>\nSkontaktuj si\u0119 z nami\u00a0tel.\u00a0<a style=\"font-size: 22px\" href=\"tel:668 115 750\">668 115 750<\/a>\u00a0e-mail\u00a0<a style=\"font-size: 22px\" href=\"mailto:biuro@g4r.pl\">biuro@g4r.pl<\/a><\/section>\n<\/section>\n","protected":false},"excerpt":{"rendered":"<p>Ma\u0142e dzieci z ch\u0119ci\u0105 wciel\u0105 si\u0119 w rol\u0119 Batmana i spr\u00f3buj\u0105 zapobiec ucieczce superz\u0142oczy\u0144cy z wi\u0119zienia w zestawie LEGO DC Batman 76138 Batman i ucieczka Jokera. Zestaw LEGO 4+ zosta\u0142 zaprojektowany z my\u015bl\u0105 o przedszkolakach. Zabawkowy helikopter Batmana ze specjalnym podwoziem startowym pozwala nawet zupe\u0142nym nowicjuszom poczu\u0107 dum\u0119 z samodzielnego z\u0142o\u017cenia modelu. To doskona\u0142y pomys\u0142 na prezent urodzinowy - w komplecie jest r\u00f3wnie\u017c model Azylu Arkham z mn\u00f3stwem szczeg\u00f3\u0142\u00f3w inspiruj\u0105cych do zabawy. Dzieci mog\u0105 na przyk\u0142ad zaczepi\u0107 hak na \u0142a\u0144cuchu o \u015bcian\u0119 jednej z dw\u00f3ch cel wi\u0119ziennych i zburzy\u0107 j\u0105, ci\u0105gn\u0105c \u0142a\u0144cuch motocyklem Harley Quinn.<\/p>\n","protected":false},"featured_media":6110,"comment_status":"open","ping_status":"closed","template":"","meta":{"inline_featured_image":false},"product_cat":[293,334],"product_tag":[412,413,393,411],"acf":[],"yoast_head":"<!-- This site is optimized with the Yoast SEO plugin v19.10 - https:\/\/yoast.com\/wordpress\/plugins\/seo\/ -->\n<title>LEGO\u00ae Super Heroes Batman i ucieczka Jokera (76138) - Sklep GO4Robot<\/title>\n<meta name=\"robots\" content=\"index, follow, max-snippet:-1, max-image-preview:large, max-video-preview:-1\" \/>\n<link rel=\"canonical\" href=\"https:\/\/go4robot.pl\/sklep\/lego-super-heroes-batman-i-ucieczka-jokera\/\" \/>\n<meta property=\"og:locale\" content=\"pl_PL\" \/>\n<meta property=\"og:type\" content=\"article\" \/>\n<meta property=\"og:title\" content=\"LEGO\u00ae Super Heroes Batman i ucieczka Jokera (76138) - Sklep GO4Robot\" \/>\n<meta property=\"og:description\" content=\"Ma\u0142e dzieci z ch\u0119ci\u0105 wciel\u0105 si\u0119 w rol\u0119 Batmana i spr\u00f3buj\u0105 zapobiec ucieczce superz\u0142oczy\u0144cy z wi\u0119zienia w zestawie LEGO DC Batman 76138 Batman i ucieczka Jokera. Zestaw LEGO 4+ zosta\u0142 zaprojektowany z my\u015bl\u0105 o przedszkolakach. Zabawkowy helikopter Batmana ze specjalnym podwoziem startowym pozwala nawet zupe\u0142nym nowicjuszom poczu\u0107 dum\u0119 z samodzielnego z\u0142o\u017cenia modelu. To doskona\u0142y pomys\u0142 na prezent urodzinowy - w komplecie jest r\u00f3wnie\u017c model Azylu Arkham z mn\u00f3stwem szczeg\u00f3\u0142\u00f3w inspiruj\u0105cych do zabawy. Dzieci mog\u0105 na przyk\u0142ad zaczepi\u0107 hak na \u0142a\u0144cuchu o \u015bcian\u0119 jednej z dw\u00f3ch cel wi\u0119ziennych i zburzy\u0107 j\u0105, ci\u0105gn\u0105c \u0142a\u0144cuch motocyklem Harley Quinn.\" \/>\n<meta property=\"og:url\" content=\"https:\/\/go4robot.pl\/sklep\/lego-super-heroes-batman-i-ucieczka-jokera\/\" \/>\n<meta property=\"og:site_name\" content=\"Sklep GO4Robot\" \/>\n<meta property=\"article:modified_time\" content=\"2024-09-05T05:19:03+00:00\" \/>\n<meta property=\"og:image\" content=\"https:\/\/go4robot.pl\/sklep\/wp-content\/uploads\/LEGO-Super-Heroes-Batman-i-ucieczka-Jokera-76138-1.jpg\" \/>\n\t<meta property=\"og:image:width\" content=\"1466\" \/>\n\t<meta property=\"og:image:height\" content=\"1466\" \/>\n\t<meta property=\"og:image:type\" content=\"image\/jpeg\" \/>\n<meta name=\"twitter:card\" content=\"summary_large_image\" \/>\n<meta name=\"twitter:label1\" content=\"Szacowany czas czytania\" \/>\n\t<meta name=\"twitter:data1\" content=\"1 minuta\" \/>\n<script type=\"application\/ld+json\" class=\"yoast-schema-graph\">{\"@context\":\"https:\/\/schema.org\",\"@graph\":[{\"@type\":\"WebPage\",\"@id\":\"https:\/\/go4robot.pl\/sklep\/lego-super-heroes-batman-i-ucieczka-jokera\/\",\"url\":\"https:\/\/go4robot.pl\/sklep\/lego-super-heroes-batman-i-ucieczka-jokera\/\",\"name\":\"LEGO\u00ae Super Heroes Batman i ucieczka Jokera (76138) - Sklep GO4Robot\",\"isPartOf\":{\"@id\":\"https:\/\/go4robot.pl\/sklep\/#website\"},\"datePublished\":\"2020-11-20T09:29:02+00:00\",\"dateModified\":\"2024-09-05T05:19:03+00:00\",\"breadcrumb\":{\"@id\":\"https:\/\/go4robot.pl\/sklep\/lego-super-heroes-batman-i-ucieczka-jokera\/#breadcrumb\"},\"inLanguage\":\"pl-PL\",\"potentialAction\":[{\"@type\":\"ReadAction\",\"target\":[\"https:\/\/go4robot.pl\/sklep\/lego-super-heroes-batman-i-ucieczka-jokera\/\"]}]},{\"@type\":\"BreadcrumbList\",\"@id\":\"https:\/\/go4robot.pl\/sklep\/lego-super-heroes-batman-i-ucieczka-jokera\/#breadcrumb\",\"itemListElement\":[{\"@type\":\"ListItem\",\"position\":1,\"name\":\"Go4Robot\",\"item\":\"https:\/\/go4robot.pl\/sklep\/\"},{\"@type\":\"ListItem\",\"position\":2,\"name\":\"Produkty\",\"item\":\"https:\/\/go4robot.pl\/sklep\/\"},{\"@type\":\"ListItem\",\"position\":3,\"name\":\"LEGO\u00ae Super Heroes Batman i ucieczka Jokera (76138)\"}]},{\"@type\":\"WebSite\",\"@id\":\"https:\/\/go4robot.pl\/sklep\/#website\",\"url\":\"https:\/\/go4robot.pl\/sklep\/\",\"name\":\"Sklep GO4Robot\",\"description\":\"Robotyka dla dzieci\",\"publisher\":{\"@id\":\"https:\/\/go4robot.pl\/sklep\/#organization\"},\"potentialAction\":[{\"@type\":\"SearchAction\",\"target\":{\"@type\":\"EntryPoint\",\"urlTemplate\":\"https:\/\/go4robot.pl\/sklep\/?s={search_term_string}\"},\"query-input\":\"required name=search_term_string\"}],\"inLanguage\":\"pl-PL\"},{\"@type\":\"Organization\",\"@id\":\"https:\/\/go4robot.pl\/sklep\/#organization\",\"name\":\"Go4Robot\",\"url\":\"https:\/\/go4robot.pl\/sklep\/\",\"logo\":{\"@type\":\"ImageObject\",\"inLanguage\":\"pl-PL\",\"@id\":\"https:\/\/go4robot.pl\/sklep\/#\/schema\/logo\/image\/\",\"url\":\"https:\/\/go4robot.pl\/sklep\/wp-content\/uploads\/2021\/02\/go4robot-logo.svg\",\"contentUrl\":\"https:\/\/go4robot.pl\/sklep\/wp-content\/uploads\/2021\/02\/go4robot-logo.svg\",\"width\":400,\"height\":400,\"caption\":\"Go4Robot\"},\"image\":{\"@id\":\"https:\/\/go4robot.pl\/sklep\/#\/schema\/logo\/image\/\"}}]}<\/script>\n<!-- \/ Yoast SEO plugin. -->","yoast_head_json":{"title":"LEGO\u00ae Super Heroes Batman i ucieczka Jokera (76138) - Sklep GO4Robot","robots":{"index":"index","follow":"follow","max-snippet":"max-snippet:-1","max-image-preview":"max-image-preview:large","max-video-preview":"max-video-preview:-1"},"canonical":"https:\/\/go4robot.pl\/sklep\/lego-super-heroes-batman-i-ucieczka-jokera\/","og_locale":"pl_PL","og_type":"article","og_title":"LEGO\u00ae Super Heroes Batman i ucieczka Jokera (76138) - Sklep GO4Robot","og_description":"Ma\u0142e dzieci z ch\u0119ci\u0105 wciel\u0105 si\u0119 w rol\u0119 Batmana i spr\u00f3buj\u0105 zapobiec ucieczce superz\u0142oczy\u0144cy z wi\u0119zienia w zestawie LEGO DC Batman 76138 Batman i ucieczka Jokera. Zestaw LEGO 4+ zosta\u0142 zaprojektowany z my\u015bl\u0105 o przedszkolakach. Zabawkowy helikopter Batmana ze specjalnym podwoziem startowym pozwala nawet zupe\u0142nym nowicjuszom poczu\u0107 dum\u0119 z samodzielnego z\u0142o\u017cenia modelu. To doskona\u0142y pomys\u0142 na prezent urodzinowy - w komplecie jest r\u00f3wnie\u017c model Azylu Arkham z mn\u00f3stwem szczeg\u00f3\u0142\u00f3w inspiruj\u0105cych do zabawy. Dzieci mog\u0105 na przyk\u0142ad zaczepi\u0107 hak na \u0142a\u0144cuchu o \u015bcian\u0119 jednej z dw\u00f3ch cel wi\u0119ziennych i zburzy\u0107 j\u0105, ci\u0105gn\u0105c \u0142a\u0144cuch motocyklem Harley Quinn.","og_url":"https:\/\/go4robot.pl\/sklep\/lego-super-heroes-batman-i-ucieczka-jokera\/","og_site_name":"Sklep GO4Robot","article_modified_time":"2024-09-05T05:19:03+00:00","og_image":[{"width":1466,"height":1466,"url":"https:\/\/go4robot.pl\/sklep\/wp-content\/uploads\/LEGO-Super-Heroes-Batman-i-ucieczka-Jokera-76138-1.jpg","type":"image\/jpeg"}],"twitter_card":"summary_large_image","twitter_misc":{"Szacowany czas czytania":"1 minuta"},"schema":{"@context":"https:\/\/schema.org","@graph":[{"@type":"WebPage","@id":"https:\/\/go4robot.pl\/sklep\/lego-super-heroes-batman-i-ucieczka-jokera\/","url":"https:\/\/go4robot.pl\/sklep\/lego-super-heroes-batman-i-ucieczka-jokera\/","name":"LEGO\u00ae Super Heroes Batman i ucieczka Jokera (76138) - Sklep GO4Robot","isPartOf":{"@id":"https:\/\/go4robot.pl\/sklep\/#website"},"datePublished":"2020-11-20T09:29:02+00:00","dateModified":"2024-09-05T05:19:03+00:00","breadcrumb":{"@id":"https:\/\/go4robot.pl\/sklep\/lego-super-heroes-batman-i-ucieczka-jokera\/#breadcrumb"},"inLanguage":"pl-PL","potentialAction":[{"@type":"ReadAction","target":["https:\/\/go4robot.pl\/sklep\/lego-super-heroes-batman-i-ucieczka-jokera\/"]}]},{"@type":"BreadcrumbList","@id":"https:\/\/go4robot.pl\/sklep\/lego-super-heroes-batman-i-ucieczka-jokera\/#breadcrumb","itemListElement":[{"@type":"ListItem","position":1,"name":"Go4Robot","item":"https:\/\/go4robot.pl\/sklep\/"},{"@type":"ListItem","position":2,"name":"Produkty","item":"https:\/\/go4robot.pl\/sklep\/"},{"@type":"ListItem","position":3,"name":"LEGO\u00ae Super Heroes Batman i ucieczka Jokera (76138)"}]},{"@type":"WebSite","@id":"https:\/\/go4robot.pl\/sklep\/#website","url":"https:\/\/go4robot.pl\/sklep\/","name":"Sklep GO4Robot","description":"Robotyka dla dzieci","publisher":{"@id":"https:\/\/go4robot.pl\/sklep\/#organization"},"potentialAction":[{"@type":"SearchAction","target":{"@type":"EntryPoint","urlTemplate":"https:\/\/go4robot.pl\/sklep\/?s={search_term_string}"},"query-input":"required name=search_term_string"}],"inLanguage":"pl-PL"},{"@type":"Organization","@id":"https:\/\/go4robot.pl\/sklep\/#organization","name":"Go4Robot","url":"https:\/\/go4robot.pl\/sklep\/","logo":{"@type":"ImageObject","inLanguage":"pl-PL","@id":"https:\/\/go4robot.pl\/sklep\/#\/schema\/logo\/image\/","url":"https:\/\/go4robot.pl\/sklep\/wp-content\/uploads\/2021\/02\/go4robot-logo.svg","contentUrl":"https:\/\/go4robot.pl\/sklep\/wp-content\/uploads\/2021\/02\/go4robot-logo.svg","width":400,"height":400,"caption":"Go4Robot"},"image":{"@id":"https:\/\/go4robot.pl\/sklep\/#\/schema\/logo\/image\/"}}]}},"_links":{"self":[{"href":"https:\/\/go4robot.pl\/sklep\/wp-json\/wp\/v2\/product\/3980"}],"collection":[{"href":"https:\/\/go4robot.pl\/sklep\/wp-json\/wp\/v2\/product"}],"about":[{"href":"https:\/\/go4robot.pl\/sklep\/wp-json\/wp\/v2\/types\/product"}],"replies":[{"embeddable":true,"href":"https:\/\/go4robot.pl\/sklep\/wp-json\/wp\/v2\/comments?post=3980"}],"wp:featuredmedia":[{"embeddable":true,"href":"https:\/\/go4robot.pl\/sklep\/wp-json\/wp\/v2\/media\/6110"}],"wp:attachment":[{"href":"https:\/\/go4robot.pl\/sklep\/wp-json\/wp\/v2\/media?parent=3980"}],"wp:term":[{"taxonomy":"product_cat","embeddable":true,"href":"https:\/\/go4robot.pl\/sklep\/wp-json\/wp\/v2\/product_cat?post=3980"},{"taxonomy":"product_tag","embeddable":true,"href":"https:\/\/go4robot.pl\/sklep\/wp-json\/wp\/v2\/product_tag?post=3980"}],"curies":[{"name":"wp","href":"https:\/\/api.w.org\/{rel}","templated":true}]}}