{"id":3824,"date":"2020-11-19T20:10:05","date_gmt":"2020-11-19T19:10:05","guid":{"rendered":"https:\/\/go4robot.pl\/sklep\/?post_type=product&#038;p=3824"},"modified":"2024-09-05T06:23:25","modified_gmt":"2024-09-05T05:23:25","slug":"lego-city-centrum-motoryzacyjne","status":"publish","type":"product","link":"https:\/\/go4robot.pl\/sklep\/lego-city-centrum-motoryzacyjne\/","title":{"rendered":"LEGO\u00ae City Centrum motoryzacyjne (60232)"},"content":{"rendered":"<h2>LEGO\u00ae City Centrum motoryzacyjne<\/h2>\n<h2><\/h2>\n<ul style=\"padding-left: 1.875rem;margin-top: 1.125rem;margin-bottom: 1.125rem;margin-left: 1.5625rem;color: #2c2c2c;font-family: 'Cera Pro', sans-serif;font-size: 16px\">\n<li style=\"list-style-type: disc;margin-bottom: 0.75rem;padding-bottom: 1.5625rem\"><\/li>\n<li style=\"list-style-type: disc;margin-bottom: 0.75rem;padding-bottom: 1.5625rem\"><\/li>\n<\/ul>\n<section style=\"font-size: 16px\">Do ka\u017cdego zestawu do\u0142\u0105czamy:<\/p>\n<p style=\"font-size: 16px\">Oryginaln\u0105 instrukcj\u0119 Lego\u00ae, dzi\u0119ki kt\u00f3rej rozpalimy wyobra\u017ani\u0119 dziecka i podsuniemy mu kilka pomys\u0142\u00f3w na wyj\u0105tkow\u0105 budowl\u0119!<\/p>\n<p><img decoding=\"async\" style=\"font-size: 16px\" src=\"https:\/\/go4robot.pl\/sklep\/wp-content\/uploads\/2020\/05\/instrukcja-lego-300x220.png\" alt=\"\" \/><\/p>\n<\/section>\n<section style=\"font-size: 16px\">\n<section style=\"font-size: 16px\">Masz pytanie?<br \/>\nSkontaktuj si\u0119 z nami\u00a0tel.\u00a0<a style=\"font-size: 22px\" href=\"tel:668 115 750\">668 115 750<\/a>\u00a0e-mail\u00a0<a style=\"font-size: 22px\" href=\"mailto:biuro@g4r.pl\">biuro@g4r.pl<\/a><\/section>\n<\/section>\n","protected":false},"excerpt":{"rendered":"<p>Wprowad\u017a swojego m\u0142odego mechanika w \u015bwiat motoryzacji z tym zestawem. Zawiera on wiele pojazd\u00f3w i jest inspirowany nowo\u015bci\u0105 na rok 2019 \u2014 serialem telewizyjnym LEGO\u00ae City. Ten zestaw LEGO dla dzieci w wieku 4+ lat zosta\u0142 zaprojektowany z my\u015bl\u0105 o przedszkolakach i ma\u0142ych dzieciach. Zawiera myjni\u0119 samochodow\u0105, samoch\u00f3d sportowy, samoch\u00f3d holowniczy i cystern\u0119 z paliwem, a tak\u017ce warsztat samochodowy i stacj\u0119 paliw z dystrybutorami oraz podwozie i podstawy z klock\u00f3w startowych, kt\u00f3re pozwol\u0105 nawet pocz\u0105tkuj\u0105cym konstruktorom poczu\u0107 dum\u0119 z samodzielnego z\u0142o\u017cenia budynk\u00f3w, pojazd\u00f3w i nie tylko. Zestaw zawiera proste instrukcje, kt\u00f3re pomog\u0105 zacz\u0105\u0107 budowanie i zabaw\u0119, a m\u0142odym tw\u00f3rcom wyja\u015bni\u0105 cel poszczeg\u00f3lnych krok\u00f3w budowania. Dzi\u0119ki temu dzieci rozwijaj\u0105 wyobra\u017ani\u0119 i pewno\u015b\u0107 siebie, poznaj\u0105c \u015bwiat budowania z klock\u00f3w LEGO w scenerii znanej z serii LEGO City. Do tego w aplikacji LEGO Life na smartfonach i tabletach znajdziesz ekstra instrukcje. Dla ka\u017cdego budowniczego LEGO s\u0105 one gwarancj\u0105 \u015bwietnej zabawy podczas budowania.<\/p>\n","protected":false},"featured_media":5941,"comment_status":"open","ping_status":"closed","template":"","meta":{"inline_featured_image":false},"product_cat":[15,293,298],"product_tag":[331,330,49,305,329],"acf":[],"yoast_head":"<!-- This site is optimized with the Yoast SEO plugin v19.10 - https:\/\/yoast.com\/wordpress\/plugins\/seo\/ -->\n<title>LEGO\u00ae City Centrum motoryzacyjne (60232) - Sklep GO4Robot<\/title>\n<meta name=\"robots\" content=\"index, follow, max-snippet:-1, max-image-preview:large, max-video-preview:-1\" \/>\n<link rel=\"canonical\" href=\"https:\/\/go4robot.pl\/sklep\/lego-city-centrum-motoryzacyjne\/\" \/>\n<meta property=\"og:locale\" content=\"pl_PL\" \/>\n<meta property=\"og:type\" content=\"article\" \/>\n<meta property=\"og:title\" content=\"LEGO\u00ae City Centrum motoryzacyjne (60232) - Sklep GO4Robot\" \/>\n<meta property=\"og:description\" content=\"Wprowad\u017a swojego m\u0142odego mechanika w \u015bwiat motoryzacji z tym zestawem. Zawiera on wiele pojazd\u00f3w i jest inspirowany nowo\u015bci\u0105 na rok 2019 \u2014 serialem telewizyjnym LEGO\u00ae City. Ten zestaw LEGO dla dzieci w wieku 4+ lat zosta\u0142 zaprojektowany z my\u015bl\u0105 o przedszkolakach i ma\u0142ych dzieciach. Zawiera myjni\u0119 samochodow\u0105, samoch\u00f3d sportowy, samoch\u00f3d holowniczy i cystern\u0119 z paliwem, a tak\u017ce warsztat samochodowy i stacj\u0119 paliw z dystrybutorami oraz podwozie i podstawy z klock\u00f3w startowych, kt\u00f3re pozwol\u0105 nawet pocz\u0105tkuj\u0105cym konstruktorom poczu\u0107 dum\u0119 z samodzielnego z\u0142o\u017cenia budynk\u00f3w, pojazd\u00f3w i nie tylko. Zestaw zawiera proste instrukcje, kt\u00f3re pomog\u0105 zacz\u0105\u0107 budowanie i zabaw\u0119, a m\u0142odym tw\u00f3rcom wyja\u015bni\u0105 cel poszczeg\u00f3lnych krok\u00f3w budowania. Dzi\u0119ki temu dzieci rozwijaj\u0105 wyobra\u017ani\u0119 i pewno\u015b\u0107 siebie, poznaj\u0105c \u015bwiat budowania z klock\u00f3w LEGO w scenerii znanej z serii LEGO City. Do tego w aplikacji LEGO Life na smartfonach i tabletach znajdziesz ekstra instrukcje. Dla ka\u017cdego budowniczego LEGO s\u0105 one gwarancj\u0105 \u015bwietnej zabawy podczas budowania.\" \/>\n<meta property=\"og:url\" content=\"https:\/\/go4robot.pl\/sklep\/lego-city-centrum-motoryzacyjne\/\" \/>\n<meta property=\"og:site_name\" content=\"Sklep GO4Robot\" \/>\n<meta property=\"article:modified_time\" content=\"2024-09-05T05:23:25+00:00\" \/>\n<meta property=\"og:image\" content=\"https:\/\/go4robot.pl\/sklep\/wp-content\/uploads\/LEGO-City-Centrum-motoryzacyjne-60232-7.jpg\" \/>\n\t<meta property=\"og:image:width\" content=\"1468\" \/>\n\t<meta property=\"og:image:height\" content=\"1468\" \/>\n\t<meta property=\"og:image:type\" content=\"image\/jpeg\" \/>\n<meta name=\"twitter:card\" content=\"summary_large_image\" \/>\n<meta name=\"twitter:label1\" content=\"Szacowany czas czytania\" \/>\n\t<meta name=\"twitter:data1\" content=\"1 minuta\" \/>\n<script type=\"application\/ld+json\" class=\"yoast-schema-graph\">{\"@context\":\"https:\/\/schema.org\",\"@graph\":[{\"@type\":\"WebPage\",\"@id\":\"https:\/\/go4robot.pl\/sklep\/lego-city-centrum-motoryzacyjne\/\",\"url\":\"https:\/\/go4robot.pl\/sklep\/lego-city-centrum-motoryzacyjne\/\",\"name\":\"LEGO\u00ae City Centrum motoryzacyjne (60232) - Sklep GO4Robot\",\"isPartOf\":{\"@id\":\"https:\/\/go4robot.pl\/sklep\/#website\"},\"datePublished\":\"2020-11-19T19:10:05+00:00\",\"dateModified\":\"2024-09-05T05:23:25+00:00\",\"breadcrumb\":{\"@id\":\"https:\/\/go4robot.pl\/sklep\/lego-city-centrum-motoryzacyjne\/#breadcrumb\"},\"inLanguage\":\"pl-PL\",\"potentialAction\":[{\"@type\":\"ReadAction\",\"target\":[\"https:\/\/go4robot.pl\/sklep\/lego-city-centrum-motoryzacyjne\/\"]}]},{\"@type\":\"BreadcrumbList\",\"@id\":\"https:\/\/go4robot.pl\/sklep\/lego-city-centrum-motoryzacyjne\/#breadcrumb\",\"itemListElement\":[{\"@type\":\"ListItem\",\"position\":1,\"name\":\"Go4Robot\",\"item\":\"https:\/\/go4robot.pl\/sklep\/\"},{\"@type\":\"ListItem\",\"position\":2,\"name\":\"Produkty\",\"item\":\"https:\/\/go4robot.pl\/sklep\/\"},{\"@type\":\"ListItem\",\"position\":3,\"name\":\"LEGO\u00ae City Centrum motoryzacyjne (60232)\"}]},{\"@type\":\"WebSite\",\"@id\":\"https:\/\/go4robot.pl\/sklep\/#website\",\"url\":\"https:\/\/go4robot.pl\/sklep\/\",\"name\":\"Sklep GO4Robot\",\"description\":\"Robotyka dla dzieci\",\"publisher\":{\"@id\":\"https:\/\/go4robot.pl\/sklep\/#organization\"},\"potentialAction\":[{\"@type\":\"SearchAction\",\"target\":{\"@type\":\"EntryPoint\",\"urlTemplate\":\"https:\/\/go4robot.pl\/sklep\/?s={search_term_string}\"},\"query-input\":\"required name=search_term_string\"}],\"inLanguage\":\"pl-PL\"},{\"@type\":\"Organization\",\"@id\":\"https:\/\/go4robot.pl\/sklep\/#organization\",\"name\":\"Go4Robot\",\"url\":\"https:\/\/go4robot.pl\/sklep\/\",\"logo\":{\"@type\":\"ImageObject\",\"inLanguage\":\"pl-PL\",\"@id\":\"https:\/\/go4robot.pl\/sklep\/#\/schema\/logo\/image\/\",\"url\":\"https:\/\/go4robot.pl\/sklep\/wp-content\/uploads\/2021\/02\/go4robot-logo.svg\",\"contentUrl\":\"https:\/\/go4robot.pl\/sklep\/wp-content\/uploads\/2021\/02\/go4robot-logo.svg\",\"width\":400,\"height\":400,\"caption\":\"Go4Robot\"},\"image\":{\"@id\":\"https:\/\/go4robot.pl\/sklep\/#\/schema\/logo\/image\/\"}}]}<\/script>\n<!-- \/ Yoast SEO plugin. -->","yoast_head_json":{"title":"LEGO\u00ae City Centrum motoryzacyjne (60232) - Sklep GO4Robot","robots":{"index":"index","follow":"follow","max-snippet":"max-snippet:-1","max-image-preview":"max-image-preview:large","max-video-preview":"max-video-preview:-1"},"canonical":"https:\/\/go4robot.pl\/sklep\/lego-city-centrum-motoryzacyjne\/","og_locale":"pl_PL","og_type":"article","og_title":"LEGO\u00ae City Centrum motoryzacyjne (60232) - Sklep GO4Robot","og_description":"Wprowad\u017a swojego m\u0142odego mechanika w \u015bwiat motoryzacji z tym zestawem. Zawiera on wiele pojazd\u00f3w i jest inspirowany nowo\u015bci\u0105 na rok 2019 \u2014 serialem telewizyjnym LEGO\u00ae City. Ten zestaw LEGO dla dzieci w wieku 4+ lat zosta\u0142 zaprojektowany z my\u015bl\u0105 o przedszkolakach i ma\u0142ych dzieciach. Zawiera myjni\u0119 samochodow\u0105, samoch\u00f3d sportowy, samoch\u00f3d holowniczy i cystern\u0119 z paliwem, a tak\u017ce warsztat samochodowy i stacj\u0119 paliw z dystrybutorami oraz podwozie i podstawy z klock\u00f3w startowych, kt\u00f3re pozwol\u0105 nawet pocz\u0105tkuj\u0105cym konstruktorom poczu\u0107 dum\u0119 z samodzielnego z\u0142o\u017cenia budynk\u00f3w, pojazd\u00f3w i nie tylko. Zestaw zawiera proste instrukcje, kt\u00f3re pomog\u0105 zacz\u0105\u0107 budowanie i zabaw\u0119, a m\u0142odym tw\u00f3rcom wyja\u015bni\u0105 cel poszczeg\u00f3lnych krok\u00f3w budowania. Dzi\u0119ki temu dzieci rozwijaj\u0105 wyobra\u017ani\u0119 i pewno\u015b\u0107 siebie, poznaj\u0105c \u015bwiat budowania z klock\u00f3w LEGO w scenerii znanej z serii LEGO City. Do tego w aplikacji LEGO Life na smartfonach i tabletach znajdziesz ekstra instrukcje. Dla ka\u017cdego budowniczego LEGO s\u0105 one gwarancj\u0105 \u015bwietnej zabawy podczas budowania.","og_url":"https:\/\/go4robot.pl\/sklep\/lego-city-centrum-motoryzacyjne\/","og_site_name":"Sklep GO4Robot","article_modified_time":"2024-09-05T05:23:25+00:00","og_image":[{"width":1468,"height":1468,"url":"https:\/\/go4robot.pl\/sklep\/wp-content\/uploads\/LEGO-City-Centrum-motoryzacyjne-60232-7.jpg","type":"image\/jpeg"}],"twitter_card":"summary_large_image","twitter_misc":{"Szacowany czas czytania":"1 minuta"},"schema":{"@context":"https:\/\/schema.org","@graph":[{"@type":"WebPage","@id":"https:\/\/go4robot.pl\/sklep\/lego-city-centrum-motoryzacyjne\/","url":"https:\/\/go4robot.pl\/sklep\/lego-city-centrum-motoryzacyjne\/","name":"LEGO\u00ae City Centrum motoryzacyjne (60232) - Sklep GO4Robot","isPartOf":{"@id":"https:\/\/go4robot.pl\/sklep\/#website"},"datePublished":"2020-11-19T19:10:05+00:00","dateModified":"2024-09-05T05:23:25+00:00","breadcrumb":{"@id":"https:\/\/go4robot.pl\/sklep\/lego-city-centrum-motoryzacyjne\/#breadcrumb"},"inLanguage":"pl-PL","potentialAction":[{"@type":"ReadAction","target":["https:\/\/go4robot.pl\/sklep\/lego-city-centrum-motoryzacyjne\/"]}]},{"@type":"BreadcrumbList","@id":"https:\/\/go4robot.pl\/sklep\/lego-city-centrum-motoryzacyjne\/#breadcrumb","itemListElement":[{"@type":"ListItem","position":1,"name":"Go4Robot","item":"https:\/\/go4robot.pl\/sklep\/"},{"@type":"ListItem","position":2,"name":"Produkty","item":"https:\/\/go4robot.pl\/sklep\/"},{"@type":"ListItem","position":3,"name":"LEGO\u00ae City Centrum motoryzacyjne (60232)"}]},{"@type":"WebSite","@id":"https:\/\/go4robot.pl\/sklep\/#website","url":"https:\/\/go4robot.pl\/sklep\/","name":"Sklep GO4Robot","description":"Robotyka dla dzieci","publisher":{"@id":"https:\/\/go4robot.pl\/sklep\/#organization"},"potentialAction":[{"@type":"SearchAction","target":{"@type":"EntryPoint","urlTemplate":"https:\/\/go4robot.pl\/sklep\/?s={search_term_string}"},"query-input":"required name=search_term_string"}],"inLanguage":"pl-PL"},{"@type":"Organization","@id":"https:\/\/go4robot.pl\/sklep\/#organization","name":"Go4Robot","url":"https:\/\/go4robot.pl\/sklep\/","logo":{"@type":"ImageObject","inLanguage":"pl-PL","@id":"https:\/\/go4robot.pl\/sklep\/#\/schema\/logo\/image\/","url":"https:\/\/go4robot.pl\/sklep\/wp-content\/uploads\/2021\/02\/go4robot-logo.svg","contentUrl":"https:\/\/go4robot.pl\/sklep\/wp-content\/uploads\/2021\/02\/go4robot-logo.svg","width":400,"height":400,"caption":"Go4Robot"},"image":{"@id":"https:\/\/go4robot.pl\/sklep\/#\/schema\/logo\/image\/"}}]}},"_links":{"self":[{"href":"https:\/\/go4robot.pl\/sklep\/wp-json\/wp\/v2\/product\/3824"}],"collection":[{"href":"https:\/\/go4robot.pl\/sklep\/wp-json\/wp\/v2\/product"}],"about":[{"href":"https:\/\/go4robot.pl\/sklep\/wp-json\/wp\/v2\/types\/product"}],"replies":[{"embeddable":true,"href":"https:\/\/go4robot.pl\/sklep\/wp-json\/wp\/v2\/comments?post=3824"}],"wp:featuredmedia":[{"embeddable":true,"href":"https:\/\/go4robot.pl\/sklep\/wp-json\/wp\/v2\/media\/5941"}],"wp:attachment":[{"href":"https:\/\/go4robot.pl\/sklep\/wp-json\/wp\/v2\/media?parent=3824"}],"wp:term":[{"taxonomy":"product_cat","embeddable":true,"href":"https:\/\/go4robot.pl\/sklep\/wp-json\/wp\/v2\/product_cat?post=3824"},{"taxonomy":"product_tag","embeddable":true,"href":"https:\/\/go4robot.pl\/sklep\/wp-json\/wp\/v2\/product_tag?post=3824"}],"curies":[{"name":"wp","href":"https:\/\/api.w.org\/{rel}","templated":true}]}}